{"id":1756,"date":"2017-04-03T11:01:45","date_gmt":"2017-04-03T11:01:45","guid":{"rendered":"http:\/\/coup.tkdvl.com\/?page_id=9"},"modified":"2025-03-30T13:17:49","modified_gmt":"2025-03-30T11:17:49","slug":"about-2","status":"publish","type":"page","link":"https:\/\/laurentpoisson.com\/index.php\/about-2\/","title":{"rendered":"About"},"content":{"rendered":"\n<h6>Visual artist based in Brussels (BE)<br>Born July 11th, 1990 in Perpignan (FR)<\/h6>\n\n\n\n<figure class=\"wp-block-image size-large\"><img data-attachment-id=\"10834\" data-permalink=\"https:\/\/laurentpoisson.com\/index.php\/about-2\/sony-dsc-15\/\" data-orig-file=\"https:\/\/laurentpoisson.com\/wp-content\/uploads\/2025\/03\/loloedit-scaled.jpg\" data-orig-size=\"2560,1707\" data-comments-opened=\"0\" data-image-meta=\"{&quot;aperture&quot;:&quot;4&quot;,&quot;credit&quot;:&quot;&quot;,&quot;camera&quot;:&quot;DSLR-A230&quot;,&quot;caption&quot;:&quot;SONY DSC&quot;,&quot;created_timestamp&quot;:&quot;1230768000&quot;,&quot;copyright&quot;:&quot;&quot;,&quot;focal_length&quot;:&quot;18&quot;,&quot;iso&quot;:&quot;400&quot;,&quot;shutter_speed&quot;:&quot;0.076923076923077&quot;,&quot;title&quot;:&quot;SONY DSC&quot;,&quot;orientation&quot;:&quot;1&quot;}\" data-image-title=\"Portrait\" data-image-description=\"\" data-image-caption=\"\" data-medium-file=\"https:\/\/laurentpoisson.com\/wp-content\/uploads\/2025\/03\/loloedit-300x200.jpg\" data-large-file=\"https:\/\/laurentpoisson.com\/wp-content\/uploads\/2025\/03\/loloedit-1024x683.jpg\" loading=\"lazy\" width=\"1024\" height=\"683\" src=\"https:\/\/laurentpoisson.com\/wp-content\/uploads\/2025\/03\/loloedit-1024x683.jpg\" alt=\"\" class=\"wp-image-10834\"\/><figcaption>Photo credit : Matias de la Guerra<\/figcaption><\/figure>\n\n\n\n<h5>Exhibitions<\/h5>\n\n\n\n<p>2024 &#8211; Prix D\u00e9couverte Rouge-Clo\u00eetre &#8211; Group show &#8211; Centre d&rsquo;Art Rouge-Clo\u00eetre &#8211; Bruxelles (BE)<br>2024 &#8211; Identit\u00e9s &#8211; Group show &#8211; La Maison de la culture &#8211; Nevers (FR)<br>2022 &#8211; Antwerp Queer Art Festival &#8211; Duo show &#8211; Kavka &#8211; Antwerp (BE)<br>2022 &#8211; 11 years of residency &#8211; Group show &#8211; Espace Vanderborght &#8211; Bruxelles (BE)<br>2021 &#8211; Le silence immobile d&rsquo;une rencontre &#8211; Solo show &#8211; M30 &#8211; ESA Saint-Luc &#8211; Bruxelles (BE)<br>2021 &#8211; Belgicart &#8211; Group show &#8211; Stichting Ijsberg &#8211; Damme (BE)<br>2020 &#8211; Underwater love &#8211; Duo show &#8211; Carrefour des arts &#8211; Bruxelles (BE)<br>2020 &#8211; Identit\u00e9(s) &#8211; Duo Show &#8211; SPF Emploi &#8211; Bruxelles (AR)<br>2019 &#8211; Casa Imaginaria &#8211; Solo Show &#8211; Buenos Aires (AR)<br>2019 &#8211; Kilty party &#8211; Group show &#8211; La Vall\u00e9e &#8211; Bruxelles (BE)<br>2018 &#8211; Prix des arts de Woluwe Saint-Pierre &#8211; Group show &#8211; Bruxelles (BE)<br>2018 &#8211; End of residency show &#8211; Group show &#8211; Carrefour des arts &#8211; Bruxelles (BE)<br>2017 &#8211; Art Sablon &#8211; Groupe show &#8211; Sketch My Mind + Native Auctions &#8211; Bruxelles (BE)<br>2016 &#8211; Lumi\u00e8re et couleur &#8211; Group show &#8211; La cours des arts &#8211; Saint-R\u00e9my de Provence (FR)<br>2016 &#8211; Paper Clay &#8211; Group Show &#8211; Galerie Nadine Feront &#8211; Bruxelles (BE)<\/p>\n\n\n\n<h5>Artist residency &#8211; Award<\/h5>\n\n\n\n<p>2024 &#8211; Winner of the price \u00ab\u00a0Prix D\u00e9couverte Rouge-Clo\u00eetre\u00a0\u00bb &#8211; Centre d&rsquo;Art Rouge-Clo\u00eetre- Bruxelles &#8211; BE<br>2020 &#8211; Zona Imaginaria &#8211; Buenos Aires &#8211; Argentina<br>2019 &#8211; Zona Imaginaria &#8211; Buenos Aires &#8211; Argentina<br>2018 &#8211; Carrefour des arts &#8211; Bruxelles &#8211; Belgium<br>2016 &#8211; La cours des arts &#8211; Saint-R\u00e9my de Provence &#8211; France<\/p>\n\n\n\n<h5>Education<\/h5>\n\n\n\n<p>2016 &#8211; Master degree &#8211; ENSAV La Cambre &#8211; Drawing section<\/p>\n","protected":false},"excerpt":{"rendered":"<p>Visual artist based in Brussels (BE)Born July 11th, 1990 in Perpignan (FR) Exhibitions 2024 &#8211; Prix D\u00e9couverte Rouge-Clo\u00eetre &#8211; Group show &#8211; Centre d&rsquo;Art Rouge-Clo\u00eetre &#8211; Bruxelles (BE)2024 &#8211; Identit\u00e9s &#8211; Group show &#8211; La Maison de la culture &#8211; Nevers (FR)2022 &#8211; Antwerp Queer Art Festival &#8211; Duo show &#8211; Kavka &#8211; Antwerp (BE)2022<\/p>\n","protected":false},"author":1,"featured_media":0,"parent":0,"menu_order":0,"comment_status":"closed","ping_status":"closed","template":"","meta":{"spay_email":""},"_links":{"self":[{"href":"https:\/\/laurentpoisson.com\/index.php\/wp-json\/wp\/v2\/pages\/1756"}],"collection":[{"href":"https:\/\/laurentpoisson.com\/index.php\/wp-json\/wp\/v2\/pages"}],"about":[{"href":"https:\/\/laurentpoisson.com\/index.php\/wp-json\/wp\/v2\/types\/page"}],"author":[{"embeddable":true,"href":"https:\/\/laurentpoisson.com\/index.php\/wp-json\/wp\/v2\/users\/1"}],"replies":[{"embeddable":true,"href":"https:\/\/laurentpoisson.com\/index.php\/wp-json\/wp\/v2\/comments?post=1756"}],"version-history":[{"count":41,"href":"https:\/\/laurentpoisson.com\/index.php\/wp-json\/wp\/v2\/pages\/1756\/revisions"}],"predecessor-version":[{"id":10865,"href":"https:\/\/laurentpoisson.com\/index.php\/wp-json\/wp\/v2\/pages\/1756\/revisions\/10865"}],"wp:attachment":[{"href":"https:\/\/laurentpoisson.com\/index.php\/wp-json\/wp\/v2\/media?parent=1756"}],"curies":[{"name":"wp","href":"https:\/\/api.w.org\/{rel}","templated":true}]}}